{"id":5,"date":"2009-02-11T21:16:50","date_gmt":"2009-02-11T20:16:50","guid":{"rendered":"http:\/\/localhost\/dobrofanth.eu\/engine\/?page_id=5"},"modified":"2019-12-28T19:40:53","modified_gmt":"2019-12-28T18:40:53","slug":"cim-ist","status":"publish","type":"page","link":"http:\/\/dobrofanth.eu\/?page_id=5","title":{"rendered":"Sprievodn\u00e9 akcie a program"},"content":{"rendered":"<p style=\"text-align: center;\">Okrem Ve\u013ekej Hry, ktor\u00e1 sa z roka na rok men\u00ed sa m\u00f4\u017eeme te\u0161i\u0165 na cel\u00fd rad sprievodn\u00fdch akci\u00ed, ktor\u00e9 budeme postupne dop\u013a\u0148a\u0165.<\/p>\n<p style=\"text-align: center;\">\n<p style=\"text-align: center;\">\n","protected":false},"excerpt":{"rendered":"<p>Okrem Ve\u013ekej Hry, ktor\u00e1 sa z roka na rok men\u00ed sa m\u00f4\u017eeme te\u0161i\u0165 na cel\u00fd rad sprievodn\u00fdch akci\u00ed, ktor\u00e9 budeme postupne dop\u013a\u0148a\u0165.<\/p>\n","protected":false},"author":1,"featured_media":0,"parent":0,"menu_order":0,"comment_status":"open","ping_status":"open","template":"","meta":{"footnotes":""},"class_list":["post-5","page","type-page","status-publish","hentry"],"_links":{"self":[{"href":"http:\/\/dobrofanth.eu\/index.php?rest_route=\/wp\/v2\/pages\/5","targetHints":{"allow":["GET"]}}],"collection":[{"href":"http:\/\/dobrofanth.eu\/index.php?rest_route=\/wp\/v2\/pages"}],"about":[{"href":"http:\/\/dobrofanth.eu\/index.php?rest_route=\/wp\/v2\/types\/page"}],"author":[{"embeddable":true,"href":"http:\/\/dobrofanth.eu\/index.php?rest_route=\/wp\/v2\/users\/1"}],"replies":[{"embeddable":true,"href":"http:\/\/dobrofanth.eu\/index.php?rest_route=%2Fwp%2Fv2%2Fcomments&post=5"}],"version-history":[{"count":32,"href":"http:\/\/dobrofanth.eu\/index.php?rest_route=\/wp\/v2\/pages\/5\/revisions"}],"predecessor-version":[{"id":1585,"href":"http:\/\/dobrofanth.eu\/index.php?rest_route=\/wp\/v2\/pages\/5\/revisions\/1585"}],"wp:attachment":[{"href":"http:\/\/dobrofanth.eu\/index.php?rest_route=%2Fwp%2Fv2%2Fmedia&parent=5"}],"curies":[{"name":"wp","href":"https:\/\/api.w.org\/{rel}","templated":true}]}}